[INFO] cloning repository https://github.com/GiveMe-A-Name/text-edit-hecto
[INFO] running `Command { std: "git" "-c" "credential.helper=" "-c" "credential.helper=/workspace/cargo-home/bin/git-credential-null" "clone" "--bare" "https://github.com/GiveMe-A-Name/text-edit-hecto" "/workspace/cache/git-repos/https%3A%2F%2Fgithub.com%2FGiveMe-A-Name%2Ftext-edit-hecto", kill_on_drop: false }`
[INFO] [stderr] Cloning into bare repository '/workspace/cache/git-repos/https%3A%2F%2Fgithub.com%2FGiveMe-A-Name%2Ftext-edit-hecto'...
[INFO] running `Command { std: "git" "rev-parse" "HEAD", kill_on_drop: false }`
[INFO] [stdout] f89b0a24c0522cbfa4a7cbcd8faf4cbb0deb22b5
[INFO] checking GiveMe-A-Name/text-edit-hecto against master#9610dfe5a9a731ced1ea4923ecbd0c57fe367898 for beta-170-4
[INFO] running `Command { std: "git" "clone" "/workspace/cache/git-repos/https%3A%2F%2Fgithub.com%2FGiveMe-A-Name%2Ftext-edit-hecto" "/workspace/builds/worker-2-tc1/source", kill_on_drop: false }`
[INFO] [stderr] Cloning into '/workspace/builds/worker-2-tc1/source'...
[INFO] [stderr] done.
[INFO] validating manifest of git repo https://github.com/GiveMe-A-Name/text-edit-hecto on toolchain 9610dfe5a9a731ced1ea4923ecbd0c57fe367898
[INFO] running `Command { std: CARGO_HOME="/workspace/cargo-home" RUSTUP_HOME="/workspace/rustup-home" "/workspace/cargo-home/bin/cargo" "+9610dfe5a9a731ced1ea4923ecbd0c57fe367898" "metadata" "--manifest-path" "Cargo.toml" "--no-deps", kill_on_drop: false }`
[INFO] started tweaking git repo https://github.com/GiveMe-A-Name/text-edit-hecto
[INFO] finished tweaking git repo https://github.com/GiveMe-A-Name/text-edit-hecto
[INFO] tweaked toml for git repo https://github.com/GiveMe-A-Name/text-edit-hecto written to /workspace/builds/worker-2-tc1/source/Cargo.toml
[INFO] crate git repo https://github.com/GiveMe-A-Name/text-edit-hecto already has a lockfile, it will not be regenerated
[INFO] running `Command { std: CARGO_HOME="/workspace/cargo-home" RUSTUP_HOME="/workspace/rustup-home" "/workspace/cargo-home/bin/cargo" "+9610dfe5a9a731ced1ea4923ecbd0c57fe367898" "fetch" "--manifest-path" "Cargo.toml", kill_on_drop: false }`
[INFO] [stderr]  Downloading crates ...
[INFO] [stderr]   Downloaded libc v0.2.122
[INFO] running `Command { std: "docker" "create" "-v" "/var/lib/crater-agent-workspace/builds/worker-2-tc1/target:/opt/rustwide/target:rw,Z" "-v" "/var/lib/crater-agent-workspace/builds/worker-2-tc1/source:/opt/rustwide/workdir:ro,Z" "-v" "/var/lib/crater-agent-workspace/cargo-home:/opt/rustwide/cargo-home:ro,Z" "-v" "/var/lib/crater-agent-workspace/rustup-home:/opt/rustwide/rustup-home:ro,Z" "-e" "SOURCE_DIR=/opt/rustwide/workdir" "-e" "CARGO_TARGET_DIR=/opt/rustwide/target" "-e" "CARGO_HOME=/opt/rustwide/cargo-home" "-e" "RUSTUP_HOME=/opt/rustwide/rustup-home" "-w" "/opt/rustwide/workdir" "-m" "1610612736" "--user" "0:0" "--network" "none" "ghcr.io/rust-lang/crates-build-env/linux@sha256:19e73879b68f455e41552ea35293514db52ea292d993f571636dbffedb77a1ee" "/opt/rustwide/cargo-home/bin/cargo" "+9610dfe5a9a731ced1ea4923ecbd0c57fe367898" "metadata" "--no-deps" "--format-version=1", kill_on_drop: false }`
[INFO] [stdout] 3e0d6623a2602426401b919eca0d97555c5b7c72243f5ff4be9b45e0cde41d91
[INFO] running `Command { std: "docker" "start" "-a" "3e0d6623a2602426401b919eca0d97555c5b7c72243f5ff4be9b45e0cde41d91", kill_on_drop: false }`
[INFO] running `Command { std: "docker" "inspect" "3e0d6623a2602426401b919eca0d97555c5b7c72243f5ff4be9b45e0cde41d91", kill_on_drop: false }`
[INFO] running `Command { std: "docker" "rm" "-f" "3e0d6623a2602426401b919eca0d97555c5b7c72243f5ff4be9b45e0cde41d91", kill_on_drop: false }`
[INFO] [stdout] 3e0d6623a2602426401b919eca0d97555c5b7c72243f5ff4be9b45e0cde41d91
[INFO] running `Command { std: "docker" "create" "-v" "/var/lib/crater-agent-workspace/builds/worker-2-tc1/target:/opt/rustwide/target:rw,Z" "-v" "/var/lib/crater-agent-workspace/builds/worker-2-tc1/source:/opt/rustwide/workdir:ro,Z" "-v" "/var/lib/crater-agent-workspace/cargo-home:/opt/rustwide/cargo-home:ro,Z" "-v" "/var/lib/crater-agent-workspace/rustup-home:/opt/rustwide/rustup-home:ro,Z" "-e" "SOURCE_DIR=/opt/rustwide/workdir" "-e" "CARGO_TARGET_DIR=/opt/rustwide/target" "-e" "CARGO_INCREMENTAL=0" "-e" "RUST_BACKTRACE=full" "-e" "RUSTFLAGS=--cap-lints=forbid" "-e" "RUSTDOCFLAGS=--cap-lints=forbid" "-e" "CARGO_HOME=/opt/rustwide/cargo-home" "-e" "RUSTUP_HOME=/opt/rustwide/rustup-home" "-w" "/opt/rustwide/workdir" "-m" "1610612736" "--user" "0:0" "--network" "none" "ghcr.io/rust-lang/crates-build-env/linux@sha256:19e73879b68f455e41552ea35293514db52ea292d993f571636dbffedb77a1ee" "/opt/rustwide/cargo-home/bin/cargo" "+9610dfe5a9a731ced1ea4923ecbd0c57fe367898" "check" "--frozen" "--all" "--all-targets" "--message-format=json", kill_on_drop: false }`
[INFO] [stdout] 2dbfd154c412189dc95be202e3b8b7260dd2a78676abdae5f5722519ad173236
[INFO] running `Command { std: "docker" "start" "-a" "2dbfd154c412189dc95be202e3b8b7260dd2a78676abdae5f5722519ad173236", kill_on_drop: false }`
[INFO] [stderr]    Compiling proc-macro2 v1.0.37
[INFO] [stderr]    Compiling libc v0.2.122
[INFO] [stderr]    Compiling syn v1.0.91
[INFO] [stderr]    Compiling heck v0.4.0
[INFO] [stderr]     Checking os_str_bytes v6.0.0
[INFO] [stderr]     Checking hashbrown v0.11.2
[INFO] [stderr]     Checking numtoa v0.1.0
[INFO] [stderr]     Checking termcolor v1.1.3
[INFO] [stderr]     Checking textwrap v0.15.0
[INFO] [stderr]     Checking unicode-segmentation v1.9.0
[INFO] [stderr]    Compiling proc-macro-error-attr v1.0.4
[INFO] [stderr]    Compiling proc-macro-error v1.0.4
[INFO] [stderr]    Compiling indexmap v1.8.1
[INFO] [stderr]     Checking clap_lex v0.1.1
[INFO] [stderr]    Compiling quote v1.0.18
[INFO] [stderr]     Checking atty v0.2.14
[INFO] [stderr]     Checking termion v1.5.6
[INFO] [stderr]    Compiling clap_derive v3.1.7
[INFO] [stderr]     Checking clap v3.1.12
[INFO] [stderr]     Checking hecto v0.1.0 (/opt/rustwide/workdir)
[INFO] [stdout] error[E0061]: this method takes 3 arguments but 2 arguments were supplied
[INFO] [stdout]    --> src/editor/process_editor.rs:86:61
[INFO] [stdout]     |
[INFO] [stdout] 86  |                     if let Some(position) = editor.document.find(query, &editor.cursor_position) {
[INFO] [stdout]     |                                                             ^^^^-------------------------------- an argument of type `SearchDirection` is missing
[INFO] [stdout]     |
[INFO] [stdout] note: method defined here
[INFO] [stdout]    --> src/document.rs:118:12
[INFO] [stdout]     |
[INFO] [stdout] 118 |     pub fn find(
[INFO] [stdout]     |            ^^^^
[INFO] [stdout] 119 |         &self,
[INFO] [stdout] 120 |         query: &str,
[INFO] [stdout]     |         -----------
[INFO] [stdout] 121 |         after: &Position,
[INFO] [stdout]     |         ----------------
[INFO] [stdout] 122 |         direaction: SearchDirection,
[INFO] [stdout]     |         ---------------------------
[INFO] [stdout] help: provide the argument
[INFO] [stdout]     |
[INFO] [stdout] 86  |                     if let Some(position) = editor.document.find(query, &editor.cursor_position, /* SearchDirection */) {
[INFO] [stdout]     |                                                                 ~~~~~~~~~~~~~~~~~~~~~~~~~~~~~~~~~~~~~~~~~~~~~~~~~~~~~~~
[INFO] [stdout] 
[INFO] [stdout] 
[INFO] [stdout] error[E0061]: this method takes 3 arguments but 2 arguments were supplied
[INFO] [stdout]    --> src/editor/process_editor.rs:96:56
[INFO] [stdout]     |
[INFO] [stdout] 96  |             if let Some(find_position) = self.document.find(query.as_str(), &old_position) {
[INFO] [stdout]     |                                                        ^^^^------------------------------- an argument of type `SearchDirection` is missing
[INFO] [stdout]     |
[INFO] [stdout] note: method defined here
[INFO] [stdout]    --> src/document.rs:118:12
[INFO] [stdout]     |
[INFO] [stdout] 118 |     pub fn find(
[INFO] [stdout]     |            ^^^^
[INFO] [stdout] 119 |         &self,
[INFO] [stdout] 120 |         query: &str,
[INFO] [stdout]     |         -----------
[INFO] [stdout] 121 |         after: &Position,
[INFO] [stdout]     |         ----------------
[INFO] [stdout] 122 |         direaction: SearchDirection,
[INFO] [stdout]     |         ---------------------------
[INFO] [stdout] help: provide the argument
[INFO] [stdout]     |
[INFO] [stdout] 96  |             if let Some(find_position) = self.document.find(query.as_str(), &old_position, /* SearchDirection */) {
[INFO] [stdout]     |                                                            ~~~~~~~~~~~~~~~~~~~~~~~~~~~~~~~~~~~~~~~~~~~~~~~~~~~~~~
[INFO] [stdout] 
[INFO] [stdout] 
[INFO] [stderr] error: could not compile `hecto` (bin "hecto") due to 3 previous errors
[INFO] [stderr] warning: build failed, waiting for other jobs to finish...
[INFO] [stdout] error: aborting due to 2 previous errors
[INFO] [stdout] 
[INFO] [stdout] 
[INFO] [stdout] For more information about this error, try `rustc --explain E0061`.
[INFO] [stdout] 
[INFO] [stdout] error[E0061]: this method takes 3 arguments but 2 arguments were supplied
[INFO] [stdout]    --> src/editor/process_editor.rs:86:61
[INFO] [stdout]     |
[INFO] [stdout] 86  |                     if let Some(position) = editor.document.find(query, &editor.cursor_position) {
[INFO] [stdout]     |                                                             ^^^^-------------------------------- an argument of type `SearchDirection` is missing
[INFO] [stdout]     |
[INFO] [stdout] note: method defined here
[INFO] [stdout]    --> src/document.rs:118:12
[INFO] [stdout]     |
[INFO] [stdout] 118 |     pub fn find(
[INFO] [stdout]     |            ^^^^
[INFO] [stdout] 119 |         &self,
[INFO] [stdout] 120 |         query: &str,
[INFO] [stdout]     |         -----------
[INFO] [stdout] 121 |         after: &Position,
[INFO] [stdout]     |         ----------------
[INFO] [stdout] 122 |         direaction: SearchDirection,
[INFO] [stdout]     |         ---------------------------
[INFO] [stdout] help: provide the argument
[INFO] [stdout]     |
[INFO] [stdout] 86  |                     if let Some(position) = editor.document.find(query, &editor.cursor_position, /* SearchDirection */) {
[INFO] [stdout]     |                                                                 ~~~~~~~~~~~~~~~~~~~~~~~~~~~~~~~~~~~~~~~~~~~~~~~~~~~~~~~
[INFO] [stdout] 
[INFO] [stdout] 
[INFO] [stdout] error[E0061]: this method takes 3 arguments but 2 arguments were supplied
[INFO] [stdout]    --> src/editor/process_editor.rs:96:56
[INFO] [stdout]     |
[INFO] [stdout] 96  |             if let Some(find_position) = self.document.find(query.as_str(), &old_position) {
[INFO] [stdout]     |                                                        ^^^^------------------------------- an argument of type `SearchDirection` is missing
[INFO] [stdout]     |
[INFO] [stdout] note: method defined here
[INFO] [stdout]    --> src/document.rs:118:12
[INFO] [stdout]     |
[INFO] [stdout] 118 |     pub fn find(
[INFO] [stdout]     |            ^^^^
[INFO] [stdout] 119 |         &self,
[INFO] [stdout] 120 |         query: &str,
[INFO] [stdout]     |         -----------
[INFO] [stdout] 121 |         after: &Position,
[INFO] [stdout]     |         ----------------
[INFO] [stdout] 122 |         direaction: SearchDirection,
[INFO] [stdout]     |         ---------------------------
[INFO] [stdout] help: provide the argument
[INFO] [stdout]     |
[INFO] [stdout] 96  |             if let Some(find_position) = self.document.find(query.as_str(), &old_position, /* SearchDirection */) {
[INFO] [stdout]     |                                                            ~~~~~~~~~~~~~~~~~~~~~~~~~~~~~~~~~~~~~~~~~~~~~~~~~~~~~~
[INFO] [stdout] 
[INFO] [stdout] 
[INFO] [stdout] error: aborting due to 2 previous errors
[INFO] [stdout] 
[INFO] [stdout] 
[INFO] [stdout] For more information about this error, try `rustc --explain E0061`.
[INFO] [stdout] 
[INFO] [stderr] error: could not compile `hecto` (bin "hecto" test) due to 3 previous errors
[INFO] running `Command { std: "docker" "inspect" "2dbfd154c412189dc95be202e3b8b7260dd2a78676abdae5f5722519ad173236", kill_on_drop: false }`
[INFO] running `Command { std: "docker" "rm" "-f" "2dbfd154c412189dc95be202e3b8b7260dd2a78676abdae5f5722519ad173236", kill_on_drop: false }`
[INFO] [stdout] 2dbfd154c412189dc95be202e3b8b7260dd2a78676abdae5f5722519ad173236
